)/2. Suppose 2*m = -j + 149. Let r(c) = 9*c**2 - m*c + 10 - c**3 + 62*c - 2*c**2 - 2. What is r(6)?
2
Let a(m) = 2*m**2 - m**3 - 16661 + 8331 + 8325 + 4*m + 4*m**3. Give a(2).
35
Let r(o) = -7*o**2 + 2 - 6 - 4*o - 4*o - 3751833*o**3 + 3751832*o**3. What is r(-7)?
52
Suppose -4*q + 0 + 12 = 0. Let w = q + 0. Let j(a) = 27*a + 4 - 7*a - 29*a + 4*a. Give j(w).
-11
Suppose w - 7 = -4*v, -178 + 213 = 5*w + 2*v. Let l(q) = q - 30. Give l(w).
-23
Let k(y) = -49*y**2 + 2*y - 15. Let o(d) = 12*d**2 + d + 3. Let i(b) = k(b) + 4*o(b). Determine i(9).
-30
Suppose 4*y + 6 = 14. Let r(d) = -d**3 - 3*d**2 + 52*d - 20. Let f be r(-9). Let v be (f + (3 - 1) + 0)/y. Let z(m) = m**3 + m**2 - m - 15. Determine z(v).
-15
Let g(a) = -a**2 - 18*a + 24. Let c be g(-14). Let f = c + -121. Let l = f - -44. Let p(d) = -d + 4. Give p(l).
1
Suppose -3*p - 5*x = 5, -5*p + x - 154 = -127. Let y(h) = 2*h**3 + 13*h**2 + 15*h - 5. What is y(p)?
-5
Suppose 57*h + 875 = 1502. Let n(q) = -q**3 + 13*q**2 - 10*q - 135. Calculate n(h).
-3
Let l(n) = -n**3 - 23*n**2 - 22*n + 6. Let v be l(-22). Let a(x) = -x**3 + 7*x**2 - 5*x + 6. Give a(v).
12
Suppose -90*x = -14 + 1004. Let p(b) = -b**2 - 15*b - 21. What is p(x)?
23
Let g(y) = 0*y**2 - 1 + 9*y + y**2 - 5. Let v(z) = 14*z**2 - 10*z + 79. Let c be v(5). Suppose -46 = -37*t - c. Determine g(t).
-6
Let o(s) = -12 + 2*s + 4*s - 2*s**2 - 5 + 3*s**2 - 8*s. Calculate o(-4).
7
Suppose 2*a + 38 - 22 = -4*j, 4*j = -5*a - 4. Let t(w) = 11*w + 3. Calculate t(j).
-63
Let z(h) = -h**2 - 11*h + 1. Let r(a) = 87*a - 4. Let w(k) = r(k) + 3*z(k). Give w(18).
-1
Suppose -4*p - 2 = -2*h - 20, 2*h + p - 7 = 0. Let v(j) = 0 + 11 - h + 17*j - j**2 - 4*j + 0. Calculate v(14).
-4
Let b(m) = 3*m + 4*m**2 - 2*m + m**3 - m**2 + m**2. Let n(r) = -r**2 + 11. Let p be n(0). Let v = p + -14. Give b(v).
6
Let i(t) be the second derivative of t**4/12 + 3*t**2/2 + 1573*t. What is i(3)?
12
Let i(u) = -u**3 - 10*u**2 - 11*u - 5. Let m be 4 - 1 - 12/(-2) - 2. Suppose -7 = -z + 4*s, 4*z + 5*s = m*z + 7. Calculate i(z).
13
Suppose -6*v + 5*c - 10 = -3*v, 4*v + 8 = 4*c. Suppose -18*g - 95 + 5 = v. Let k(o) = -4*o - 19. Let b(w) = 2*w + 9. Let q(m) = 5*b(m) + 2*k(m). What is q(g)?
-3
Let w(k) = -k**3 + 4*k**2 + 5*k + 5. Let q be (-50)/(-1 - -3)*14/(-35). Suppose q*f = 55 - 5. Determine w(f).
5
Let x(a) = -a**2 + 7*a + 123. Let n be x(-8). Suppose 16*d - 35 = -n. Let b(j) = -3*j - 3. Let r(g) = g**2 - g - 1. Let t(o) = -b(o) + 5*r(o). Give t(d).
14
Let j = -231 - -228. Let t(a) be the second derivative of a**4/12 + a**3/6 + 26*a. Determine t(j).
6
Let v(c) = -212*c + 78*c - 2*c**2 - 7 + 88*c. Give v(-23).
-7
Let l(j) = -j**3 + 2327*j**2 - 2 - 2 - 1158*j**2 - j - 1160*j**2. Determine l(9).
-13
Let q(k) be the third derivative of 149*k**2 - 4/15*k**5 - 1/6*k**3 + 0 + 0*k + 1/12*k**4. Suppose 0 = -0*j - j + 1. Determine q(j).
-15
Let i(v) = 11*v**2 - 2*v - 2. Let f be -9*2/(-48) - 4675/8. Let a = f - -583. Calculate i(a).
11
Suppose 0 = -94*p + 98*p - 304. Let t(r) = -p*r - 3 + 79*r + 0 - 2*r**2. Calculate t(4).
-23
Let u(f) = -f**2 + 49*f - 553. Let p be u(17). Let s(x) = x**3 + 10*x**2 - 2*x - 94. Calculate s(p).
5
Let v(s) be the first derivative of -s**4/4 + 7*s**3/3 - 3*s**2/2 + 9*s + 1. Let q = 928 - 921. Determine v(q).
-12
Let x(b) = -b**3 - 5*b**2 + 9*b + 16. Suppose 0 = 3*o + 3*u - 33, 0 = -u + 30 - 26. Suppose -n + 3*h - 15 = 0, 0 = -4*n + o*n - h + 21. Determine x(n).
-2
Let q(m) = -38*m - 20. Let s(j) = -27*j - 15. Let t(b) = 5*q(b) - 7*s(b). Let g = 31 - 19. Calculate t(g).
-7
Let q be ((-24)/28)/((-1)/(-7)). Let g(a) = 4*a**3 + 3*a - 4*a + 6*a**2 - 3*a**3 + 5*a. Determine g(q).
-24
Let d(n) be the first derivative of 0*n - 7 + 1/2*n**2. Let a = 92 + -89. Calculate d(a).
3
Let g(f) = 2*f + 8. Let i(r) = -r**3 + 8*r**2 - 20*r + 44. Suppose 0 = x + 3*j - 21, 12*j - 17*j = 4*x - 49. Let w be i(x). What is g(w)?
0
Suppose 320 = 346*r - 306*r. Let k(s) = -12*s + 102. Determine k(r).
6
Let w(h) be the second derivative of h**5/20 - 7*h**4/12 + h**3/6 - 19*h**2/2 + 160*h. Give w(7).
-12
Let r(n) = -36*n. Suppose -8 = 3*x + 4*j, -x - 1 + 3 = -j. Determine r(x).
0
Let j(r) = -r**2 + 9*r - 5. Let f(k) = -4*k. Let t = -67 - -64. Let d be f(t). Suppose 4*x - d = -q, 13 = 2*q - x - 2. Give j(q).
3
Let z(m) = m**2 + m - 1. Let r(d) be the first derivative of -5*d**3 - 3*d**2 + 5*d - 32. Let u(o) = r(o) + 5*z(o). Let j = -6 + 5. What is u(j)?
-9
Suppose -29*i + 321 + 609 = -215*i. Let s(g) = -27*g - 123. What is s(i)?
12
Let j = -10125 - -10137. Let s(y) = -y**3 + 14*y**2 - 24*y + 33. Determine s(j).
33
Let b(t) be the third derivative of -t**6/120 - 11*t**5/60 + 13*t**4/24 - 7*t**3/3 - 45*t**2 + 2*t. Determine b(-12).
-26
Let o(f) be the second derivative of -7*f**5/10 + f**4/12 + f**3/2 - f**2 - 775*f. Calculate o(1).
-12
Suppose -4*v = -2*y + 2144, -4*v + 4348 = 4*y - 0*y. Let j(u) = y - 1075 + 0*u - u. Let t be (-1 - 0)*(-1 - 5). Calculate j(t).
1
Let f(v) be the first derivative of 0*v + 7 - 1/12*v**4 + 21/2*v**2 + 1/60*v**5 - 1/6*v**3. Let m(w) be the second derivative of f(w). What is m(5)?
14
Let z(r) be the first derivative of 4*r**2 - 2*r + 384. Determine z(4).
30
Let h(z) = -30*z. Let t(k) = 38*k + 1. Let g(s) = 3*h(s) + 2*t(s). Determine g(-3).
44
Let g(o) = -o + o - 4*o + 1. Suppose -3*u = 4*d - 4, 2*u - 1053 = -1053. What is g(d)?
-3
Let i(o) = 90*o - 213. Let l(g) = -24*g + 54. Let y(p) = -10*i(p) - 39*l(p). What is y(-1)?
-12
Let k(b) = 2*b**2 - 4*b + 23. Suppose -2*s + 115 = x + 126, 2*s - 3*x - 1 = 0. Determine k(s).
71
Let j(d) be the first derivative of -d**2/2 + 29*d + 158. Let o be 15 + 36/(-342) + 156/38. What is j(o)?
10
Let l(d) be the third derivative of d**5/30 - 17*d**4/12 - 3*d**3 + 1881*d**2. Determine l(17).
-18
Let b(y) = -515*y**2 - 50 + 263*y**2 - 11 + 253*y**2. Determine b(7).
-12
Suppose -207*l + 802 + 854 = 0. Let j(a) = 2*a - 2. What is j(l)?
14
Let n(l) be the third derivative of -l**5/60 - 7*l**4/24 - l**3 - 4*l**2. Suppose 387*a = 419*a + 236 - 12. Calculate n(a).
-6
Let x(f) = -f**3 - 7*f**2 + 3*f - 8. Let o be x(-4). Let s be o/(-20) - 6/15. Let c(t) = -t**3 + 3*t**2 + 3*t - 1. Determine c(s).
8
Let c(z) = -z - 37. Suppose 0 = 3*w + 4*n - 1553, 46*n = 2*w + 44*n - 1026. Let f = -515 + w. Calculate c(f).
-37
Suppose 0 = -3*y + 22 - 16. Suppose f + 3*k + 2*k = 22, -4*k = 4*f - 24. Let b(s) = 5 - y - 3 + s**f - 5 + 4*s. What is b(-6)?
7
Let z(v) = v + 7. Let t = 1642 + -1661. Determine z(t).
-12
Let i(w) be the first derivative of w**3/3 - w**2/2 - 4*w - 2919. Calculate i(0).
-4
Let z(q) be the third derivative of -2*q**5/15 + q**4/6 + 5*q**3/3 + q**2 + 345. Calculate z(-2).
-30
Let k be 5*(-5)/(-50) - (-6)/4. Suppose b - k = 1. Let u(i) = 308 + b*i - 308. Determine u(-2).
-6
Let l(b) = -16*b**2 + b. Let f be (-28)/(-7) + (-3 - -3). Suppose 0*k + 1 = -5*c - k, -f*c + 4 = 2*k. What is l(c)?
-17
Let n(m) = -m**2 - m. Suppose 24*u = -0*u + 576. Suppose u*j - 21 = 25*j + 3*k, 2*j - k + 7 = 0. What is n(j)?
-30
Let m(p) be the second derivative of p**5/120 + 2*p**3/3 - 2*p. Let t(n) be the second derivative of m(n). Suppose 14*i = 147 - 77. Calculate t(i).
5
Let n(m) = -8*m - 217. Let w(j) = 7*j + 308. Let g(x) = -3*n(x) - 2*w(x). Calculate g(-7).
-35
Let d(g) be the third derivative of g**4/24 - 83*g**3/6 + 4*g**2 + 112*g + 1. What is d(0)?
-83
Suppose 11*s + 8 = 12*s. Let k be s*(-1 - 0) + 4. Let v(d) be the third derivative of -d**4/6 + 2*d**3/3 + 116*d**2. Determine v(k).
20
Let x = -23411 - -23422. Let v(k) be the first derivative of -x*k + 2 + 1/2*k**2. Determine v(11).
0
Suppose -23*t - 16*t - 31*t + 140 = 0. Let j(k) = 17*k**2 + k - 2. Determine j(t).
68
Let l(h) = h**2 + 3*h - 3. Let k be l(-4). Let o(j) = 178*j**2 - 77*j**2 + 8*j**3 - 100*j**2 - 2*j + 2*j. Calculate o(k).
9
Let o(n) be the second derivative of -n**4/4 - n**3/3 + 232*n. Suppose 58 = -6*c - 86. Let b be (18/c)/((-3)/8). Determine o(b).
-16
Let x(a) be the second derivative of -1/6*a**4 - 3/2*a**3 - 1 - 59*a - a**2 + 1/20*a**5. Calculate x(4).
-6
Suppose 97*j + 0 + 169 + 25 = 0. Let l(c) = -3*c**3 - 4*c**2 - 4*c + 1. What is l(j)?
17
Let c(z) = -4*z**3 - 2*z**2 - 3*z - 2. Let n(j) = 3*j**3 + 8*j**2 - 3*j + 4. Let k(g) = c(g) + n(g). Calculate k(5).
-3
Let o(b) = -6*